1. Is p(-5) composite?
False
Is 1223/3 + 16/12 composite?
False
Let f(a) = -3*a - 25. Let x be f(-10). Suppose -x*u + 2*u = -2019. Is u prime?
True
Suppose -2*i = n + 29, -3*n = 2*n + 4*i + 133. Let j = n + 48. Is j a prime number?
True
Let k be (-28)/35*-5*415. Suppose -k = -4*r + 2*v, -2*v = 2*r + v - 814. Is r composite?
True
Let k = 1542 - 2229. Let r = -2281 - -875. Let t = k - r. Is t a prime number?
True
Suppose 4*r = -r. Suppose r*u = 5*u. Let n(s) = s**3 - s**2 + 163. Is n(u) a composite number?
False
Let h = 11683 + 7904. Is h a composite number?
True
Let y(g) = -3*g**3 - 13*g**2 + 4*g + 4. Let c be y(-5). Is ((-898)/6 + 0)/(c/(-714)) a prime number?
False
Suppose 0 = 984*x - 992*x + 7352. Is x composite?
False
Let v = 35 - 32. Suppose 0*t = -v*t + 21. Is t a prime number?
True
Suppose -5*u = 15*u - 17300. Is u a prime number?
False
Let t = -740 + 130. Let i = t - -1055. Suppose -i = -f - 4*f. Is f a composite number?
False
Let z(d) = 120*d**2 - 12*d - 7. Is z(7) composite?
True
Let c(n) = 433*n**2 + 2. Is c(3) a prime number?
False
Let c be ((-36)/16)/((-2)/40). Let j be (-1)/4 - c/12. Is (34/(-6))/(j/276) prime?
False
Let s be 42/8 - (-1)/(-4). Let a(p) = 25*p - 6. Is a(s) a prime number?
False
Suppose 0 = 3*m + 637 - 34228. Is m a composite number?
False
Let v(w) = 104*w**3 + 4*w**2 + 3*w + 11. Is v(4) a prime number?
False
Let h(l) = -61*l**3 + 4*l**2 - 6*l - 16. Is h(-3) a prime number?
False
Suppose -282 = -3*f + 1851. Let t = f - 454. Is t a prime number?
True
Suppose 0 = -0*f + f. Suppose 2*q + 4*k = -8, 3*k = 5*q - f*k - 19. Suppose -o + 27 = q*o. Is o composite?
True
Is 2/15 + (-14)/(1890/(-670797)) a composite number?
False
Suppose 0 = -76*d + 4996213 - 897305. Is d composite?
True
Suppose 14*u + 4748 = 18*u. Is u composite?
False
Let s(q) = -q**3 + 15*q**2 - 10*q - 18. Let u be s(15). Let p = 140 - u. Suppose 5*n = n + p. Is n a prime number?
False
Suppose -5*l + 20502 = -3*l. Suppose 4*f - 361 - l = 0. Suppose -5*r = -0*r - 5*t - 2635, 5*r + 4*t - f = 0. Is r a prime number?
False
Suppose 0 = -4*v - 5*q + 22149, -5*v + 37124 = -5*q + 9404. Suppose -28*t = -31*t + v. Is t a composite number?
False
Suppose 6 = -t - 2*t. Let o be (1/t)/(9/18). Is (-5)/(15/(-81)) + o a composite number?
True
Let g(d) = 3*d**2 - 19*d - 8. Let y be g(13). Let b = y + -165. Is b prime?
False
Let p = -6670 - -11505. Is p a prime number?
False
Suppose -x + 0*u + 20 = u, -2*x + 41 = 3*u. Suppose -10361 = 6*y - x*y. Is y a composite number?
False
Let f(h) = h. Let w be f(7). Suppose 2*q - w = t, -3*q + 0*t + 5*t = -28. Is 7 - 3 - (-3)/q a composite number?
False
Suppose 9*c - 7*c - 2 = 0. Let i be 313*-2 - -3 - c. Let f = i + 955. Is f composite?
False
Let m(a) = 57*a**2 - a. Let c be m(4). Suppose -290 - c = -s. Is s prime?
False
Is 43513/3 - (-420)/(-315) prime?
True
Suppose c = 4*m - 186234, 2*m + 15*c - 93122 = 13*c. Is m composite?
False
Let l be 2*4 + -3 + -1. Suppose -x - 1234 + 7 = -l*r, 0 = 2*x - 2. Is r a prime number?
True
Let i(c) be the second derivative of 19*c**4/4 - c**3 + 7*c**2/2 - 9*c. Is i(5) composite?
True
Let x(u) = -144*u - 8. Let v be x(-3). Let b be (-12)/(-16)*v/2. Suppose -4*g = -g - b. Is g a prime number?
True
Let b be -1 - (580/(-1))/1. Suppose b = -3*x + 3*d, 385 = -2*x - 0*x + 3*d. Let j = 281 + x. Is j a prime number?
False
Suppose -3*t + 0 = -6. Suppose -7195 = -3*z - t*z. Is z a prime number?
True
Let z(b) = 107*b**2 + 96*b + 5. Is z(8) composite?
False
Let c be (-2)/5 - (-252)/30. Is (c/(-4))/(2/(-71)) composite?
False
Suppose 0 = -3*o + x + 10724 + 16056, -26777 = -3*o + 4*x. Is o a prime number?
False
Let a(h) = -234*h - 539. Is a(-38) prime?
True
Suppose -2*p + 36 = p. Is 633/8 - p/96 composite?
False
Let z(y) = 11 + 11 - 9 - y. Let s be z(11). Suppose -a - 1425 = -4*w, s*w + 0*w - 725 = 3*a. Is w composite?
True
Let o = -43868 - -92025. Is o composite?
False
Suppose 0 = -3*v + 3*f + 38001, -7*v = -4*v - 4*f - 37997. Is v a composite number?
False
Let m be (-2 - -23)*4/14. Suppose -229 + 19 = -m*y. Is y composite?
True
Suppose 4*w - 5*v - 7826 - 25802 = 0, -2*v - 8407 = -w. Is w prime?
False
Let f = 74 - -1022. Let v = f - 461. Is v a composite number?
True
Let u = -27024 - -47617. Is u a prime number?
True
Suppose 3734 = o - 5*i, -o + i = 4*i - 3742. Is o a composite number?
False
Suppose -3*s + 2*x = -13, 5*s - 9*x - 21 = -5*x. Let m(z) = 5*z**3 - 3*z**2 - 4*z + 4. Let f be m(s). Let r = 751 - f. Is r a prime number?
False
Suppose 0*o + 5*u - 7896 = -2*o, -19778 = -5*o - 3*u. Is o prime?
False
Suppose 3*l - 2*l - 543 = 0. Suppose -3*k - 5*j = -l, -181 = -k + j - 4*j. Let c = 238 + k. Is c prime?
True
Suppose -3*h - 6537 = -24939. Is h composite?
True
Suppose 80*a = 93*a - 255593. Is a a prime number?
True
Let c be (-2 - -1) + 1 + 59. Suppose -398 = -b - c. Is b a composite number?
True
Let y(n) = n**3 + 12*n**2 + 2*n + 20. Let o be y(-12). Is (-7 + 188)*(-1 - o) prime?
False
Let j(p) = -57*p + 8. Let d(w) = -w**2 + 7*w - 5. Let b be d(7). Is j(b) a prime number?
True
Let v be 2*(1 + (-203)/(-2)). Let q = 459 - v. Is q - 2*9/6 a composite number?
False
Let b be -2*((-28)/8 - -3). Let f be b + 0 + -1 + 3. Suppose -2*w - 5*n + 0*n = -313, 5*w - 736 = f*n. Is w a prime number?
True
Suppose 2*d - d - 64 = -3*i, 0 = 2*d + 5*i - 125. Is 7*d/10*2 a prime number?
False
Let b(h) = 8*h**2 - 11*h - 91. Is b(-11) prime?
False
Is 90468/441 + 1/(-7) prime?
False
Suppose -319 = n + 4*h + 360, 3*h = n + 693. Let v = n + 1082. Is v prime?
False
Let j(b) = 216*b + 1. Let x(t) = 649*t + 2. Let d(y) = -7*j(y) + 2*x(y). Is d(-1) a composite number?
False
Let p(s) = -16*s - 21. Let x(y) = y**2 - 17*y + 10. Let j be x(16). Let i be p(j). Suppose 3*g - 24 = i. Is g a composite number?
True
Suppose -21693 = 2*l - 5*l. Is l composite?
True
Let k(v) = -v**3 + 9*v**2 + v + 1. Suppose 5*w = 2*n - 8, 5*n - 5*w = -7 + 42. Let u be k(n). Is 3/(-15) + 2012/u a prime number?
False
Suppose 2*v - 355 = 3*j - 87, 2*j = -4*v + 520. Let r = v - 39. Suppose -4*f = -4*n - 75 - 89, 2*f + 3*n = r. Is f a prime number?
True
Let i = -434 - -209. Let q = i - -596. Is q composite?
True
Suppose -i = 4*q - 6*q + 4, i = -3*q + 16. Suppose 2*s - 937 - 1346 = k, q*k + 2298 = 2*s. Is s prime?
False
Suppose 0 = -u - u + 8. Let a(j) = 7*j - j + j**2 - 5 - j. Is a(u) composite?
False
Let k(o) = 58*o**2 + 2*o - 3. Let x(a) = a - 4. Let b(f) = -f**3 - 20*f**2 - 18*f + 25. Let g be b(-19). Let m be x(g). Is k(m) a prime number?
True
Is (-4)/(-10) + (-482825)/(-125) a composite number?
False
Let d = -28 - -50. Suppose -d = -r - 3*g + 66, -274 = -3*r + g. Is r a composite number?
True
Let s be (21/(-14))/((-2)/(-8)). Let m be 4/(-6)*2*s. Let w(l) = 49*l - 13. Is w(m) a composite number?
False
Let x = 1296 - 770. Is x a prime number?
False
Is (1/4)/(6/(-123696)*-6) prime?
True
Suppose -1983 = -v - 2*h, 4*h + 2241 = 2*v - 1733. Is v a prime number?
False
Let j(v) = v - 1. Let d(r) = -6*r**3 - 3*r**2 - 4. Let f(c) = -d(c) + 3*j(c). Is f(3) a prime number?
True
Let b = 3069 + 1774. Is b composite?
True
Suppose -4*a = 2*c + 33 - 15, -3*a - 33 = 3*c. Let f(l) = -4*l**3 + 8*l**2 - 23*l - 12. Is f(c) a composite number?
False
Let l(i) = -13*i - 3. Let w(d) = -12*d - 2. Let r = 0 - 3. Let b(z) = r*l(z) + 4*w(z). Is b(-4) a composite number?
False
Suppose 2*w = 3*o + o + 28, 0 = w - 5*o - 26. Let l(k) = -2*k + 10. Let m be l(7). Is (-2115)/w*m/6 composite?
True
Let o = -7224 + 13985. Is o a prime number?
True
Suppose -5*s + 2*n + 20241 = 0, 4*s - 3*n - 6463 - 9727 = 0. Is s a composite number?
False
Suppose 3*i - 1370 = s, 2*i + 7*s - 4*s - 928 = 0. Is i composite?
True
Let f = 87 - 150. Let w = f - -1442. Is w a prime number?
False
Suppose 1273 = 2*v - v. Suppose -3*u - 4*m + 2633 = 0, -2*u - 5*m = -v - 480. Is u prime?
False
Let v = 54118 - 27633. Is v a prime number?
False
Let k(w) = 20*w + 1. Let h(o) = 59*o + 4. Let b(n) = 3*h(n) - 8*k(n). Suppose 5*g - 4 = 11. Is b(g) a prime number?
False
Suppose -8*u + 4*u + 16 = 0. Suppose -u*q + 8 = 0, -g = -0*g + 5*q + 83. Let z = 190 + g. Is z a prime number?
True
Suppose 2*s - 7788 - 2083 = 3*r, -3*s - r = -14801. Is s a composite number?
True
Let u be ((-4)/8)/((-6)/2592). Let p = 104 + u. Suppose -2*k + p = -2*v, -20 = -k + 